{"id":2,"date":"2021-10-27T06:38:43","date_gmt":"2021-10-27T06:38:43","guid":{"rendered":"https:\/\/vis-de-iarna.ro\/?page_id=2"},"modified":"2021-12-09T20:25:53","modified_gmt":"2021-12-09T20:25:53","slug":"pagina-exemplu","status":"publish","type":"page","link":"https:\/\/vis-de-iarna.ro\/index.php\/pagina-exemplu\/","title":{"rendered":"Despre Mine"},"content":{"rendered":"\t\t<div data-elementor-type=\"wp-page\" data-elementor-id=\"2\" class=\"elementor elementor-2\" data-elementor-settings=\"[]\">\n\t\t\t\t\t\t\t<div class=\"elementor-section-wrap\">\n\t\t\t\t\t\t\t<section class=\"elementor-section elementor-top-section elementor-element elementor-element-11652fee elementor-section-boxed elementor-section-height-default elementor-section-height-default\" data-id=\"11652fee\" data-element_type=\"section\">\n\t\t\t\t\t\t<div class=\"elementor-container elementor-column-gap-default\">\n\t\t\t\t\t<div class=\"elementor-column elementor-col-100 elementor-top-column elementor-element elementor-element-2de8446e\" data-id=\"2de8446e\" data-element_type=\"column\">\n\t\t\t<div class=\"elementor-widget-wrap elementor-element-populated\">\n\t\t\t\t\t\t\t\t<div class=\"elementor-element elementor-element-299e511a elementor-widget elementor-widget-text-editor\" data-id=\"299e511a\" data-element_type=\"widget\" data-widget_type=\"text-editor.default\">\n\t\t\t\t<div class=\"elementor-widget-container\">\n\t\t\t\t\t\t\t<p align=\"justify\"><span lang=\"ro-RO\">\u00a0\u00a0\u00a0\u00a0 Am bucuria s\u0103 v\u0103 prezint \u00een pagina de produse colec<\/span><span lang=\"ro-RO\">\u021b<\/span><span lang=\"ro-RO\">ia capsul\u0103 \u201dRoyal 2021\u201d dedicat\u0103 acestui sezon de iarn\u0103. <\/span><\/p><p align=\"justify\"><span lang=\"ro-RO\">\u00a0\u00a0\u00a0\u00a0 Colec<\/span><span lang=\"ro-RO\">\u021b<\/span><span lang=\"ro-RO\">ia const\u0103 \u00eentr-o edi\u021bie limitat\u0103 de accesorii pentru Cr\u0103ciun<\/span><span lang=\"ro-RO\">, av\u00e2nd ca tem\u0103 de inspira<\/span><span lang=\"ro-RO\">\u021b<\/span><span lang=\"ro-RO\">ie, epoca victorian\u0103. A<\/span><span lang=\"ro-RO\">\u0219<\/span><span lang=\"ro-RO\">adar, le-am realizat manual, cu mult drag pentru to<\/span><span lang=\"ro-RO\">\u021b<\/span><span lang=\"ro-RO\">i iubitorii de frumos. Decora<\/span><span lang=\"ro-RO\">\u021b<\/span><span lang=\"ro-RO\">iunile sunt realizate din materiale <\/span><span lang=\"ro-RO\">\u0219<\/span><span lang=\"ro-RO\">i accesorii pre<\/span><span lang=\"ro-RO\">\u021b<\/span><span lang=\"ro-RO\">ioase. Acestea vor da un plus de elegan<\/span><span lang=\"ro-RO\">\u021b<\/span><span lang=\"ro-RO\">\u0103 bradului de Cr\u0103ciun sau vor putea \u00eenso<\/span><span lang=\"ro-RO\">\u021b<\/span><span lang=\"ro-RO\">i cadourile oferite celor apropia<\/span><span lang=\"ro-RO\">\u021b<\/span><span lang=\"ro-RO\">i.<\/span><\/p><p align=\"center\"><span lang=\"ro-RO\">\u00a0\u00a0\u00a0\u00a0 V\u0103 doresc Cr\u0103ciun Magic cu mult\u0103 bucurie <\/span><span lang=\"ro-RO\">\u0219<\/span><span lang=\"ro-RO\">i un An Nou plin de prosperitate!<\/span><\/p><p style=\"text-align: center;\" align=\"center\"><span lang=\"ro-RO\">L\u0103cr\u0103mioara Cri<\/span><span lang=\"ro-RO\">\u0219<\/span><span lang=\"ro-RO\">an, <br \/><\/span><span lang=\"ro-RO\">artist vizual<\/span><\/p>\t\t\t\t\t\t<\/div>\n\t\t\t\t<\/div>\n\t\t\t\t\t<\/div>\n\t\t<\/div>\n\t\t\t\t\t\t\t<\/div>\n\t\t<\/section>\n\t\t\t\t\t\t<\/div>\n\t\t\t\t\t<\/div>\n\t\t","protected":false},"excerpt":{"rendered":"<p>\u00a0\u00a0\u00a0\u00a0 Am bucuria s\u0103 v\u0103 prezint \u00een pagina de produse colec\u021bia capsul\u0103 \u201dRoyal 2021\u201d dedicat\u0103 acestui sezon de iarn\u0103. \u00a0\u00a0\u00a0\u00a0 Colec\u021bia const\u0103 \u00eentr-o edi\u021bie limitat\u0103 de accesorii pentru Cr\u0103ciun, av\u00e2nd ca tem\u0103 de inspira\u021bie, epoca victorian\u0103. A\u0219adar, le-am realizat manual, cu mult drag pentru to\u021bi iubitorii de frumos. Decora\u021biunile sunt realizate din materiale \u0219i accesorii [&hellip;]<\/p>\n","protected":false},"author":1,"featured_media":0,"parent":0,"menu_order":0,"comment_status":"closed","ping_status":"closed","template":"elementor_header_footer","meta":{"footnotes":""},"class_list":["post-2","page","type-page","status-publish","hentry"],"_links":{"self":[{"href":"https:\/\/vis-de-iarna.ro\/index.php\/wp-json\/wp\/v2\/pages\/2","targetHints":{"allow":["GET"]}}],"collection":[{"href":"https:\/\/vis-de-iarna.ro\/index.php\/wp-json\/wp\/v2\/pages"}],"about":[{"href":"https:\/\/vis-de-iarna.ro\/index.php\/wp-json\/wp\/v2\/types\/page"}],"author":[{"embeddable":true,"href":"https:\/\/vis-de-iarna.ro\/index.php\/wp-json\/wp\/v2\/users\/1"}],"replies":[{"embeddable":true,"href":"https:\/\/vis-de-iarna.ro\/index.php\/wp-json\/wp\/v2\/comments?post=2"}],"version-history":[{"count":35,"href":"https:\/\/vis-de-iarna.ro\/index.php\/wp-json\/wp\/v2\/pages\/2\/revisions"}],"predecessor-version":[{"id":302,"href":"https:\/\/vis-de-iarna.ro\/index.php\/wp-json\/wp\/v2\/pages\/2\/revisions\/302"}],"wp:attachment":[{"href":"https:\/\/vis-de-iarna.ro\/index.php\/wp-json\/wp\/v2\/media?parent=2"}],"curies":[{"name":"wp","href":"https:\/\/api.w.org\/{rel}","templated":true}]}}