{"id":134,"date":"2021-12-06T20:03:21","date_gmt":"2021-12-06T20:03:21","guid":{"rendered":"https:\/\/vis-de-iarna.ro\/?post_type=product&#038;p=134"},"modified":"2021-12-12T17:02:14","modified_gmt":"2021-12-12T17:02:14","slug":"grace","status":"publish","type":"product","link":"https:\/\/vis-de-iarna.ro\/index.php\/produs\/grace\/","title":{"rendered":"GRACE<br\/> set decora\u021biuni"},"content":{"rendered":"<p><span lang=\"ro-RO\">Set de 3 ornamente suspendabile de Cr\u0103ciun.<\/span><\/p>\n<p><span lang=\"ro-RO\">Culoare Alb\/Auriu, material textil \u00eenalt\u0103 calitate: catifea, perle din sticl\u0103, frunze metalice filigran aurii, ciucure din lant filigran cu perle, dimensiuni 10x10x17 cm. <\/span><\/p>\n","protected":false},"excerpt":{"rendered":"<p><span lang=\"ro-RO\">Set de 3 ornamente suspendabile de Cr\u0103ciun.<\/span><\/p>\n<p><span lang=\"ro-RO\">Culoare Alb\/Auriu, material textil \u00eenalt\u0103 calitate: catifea, perle din sticl\u0103, frunze metalice filigran aurii, ciucure din lant filigran cu perle, dimensiuni 10x10x17 cm. <\/span><\/p>\n","protected":false},"featured_media":88,"comment_status":"open","ping_status":"closed","template":"","meta":[],"product_cat":[22],"product_tag":[],"class_list":["post-134","product","type-product","status-publish","has-post-thumbnail","hentry","product_cat-royal-collection-2021"],"_links":{"self":[{"href":"https:\/\/vis-de-iarna.ro\/index.php\/wp-json\/wp\/v2\/product\/134","targetHints":{"allow":["GET"]}}],"collection":[{"href":"https:\/\/vis-de-iarna.ro\/index.php\/wp-json\/wp\/v2\/product"}],"about":[{"href":"https:\/\/vis-de-iarna.ro\/index.php\/wp-json\/wp\/v2\/types\/product"}],"replies":[{"embeddable":true,"href":"https:\/\/vis-de-iarna.ro\/index.php\/wp-json\/wp\/v2\/comments?post=134"}],"wp:featuredmedia":[{"embeddable":true,"href":"https:\/\/vis-de-iarna.ro\/index.php\/wp-json\/wp\/v2\/media\/88"}],"wp:attachment":[{"href":"https:\/\/vis-de-iarna.ro\/index.php\/wp-json\/wp\/v2\/media?parent=134"}],"wp:term":[{"taxonomy":"product_cat","embeddable":true,"href":"https:\/\/vis-de-iarna.ro\/index.php\/wp-json\/wp\/v2\/product_cat?post=134"},{"taxonomy":"product_tag","embeddable":true,"href":"https:\/\/vis-de-iarna.ro\/index.php\/wp-json\/wp\/v2\/product_tag?post=134"}],"curies":[{"name":"wp","href":"https:\/\/api.w.org\/{rel}","templated":true}]}}