{"id":136,"date":"2021-12-06T20:07:00","date_gmt":"2021-12-06T20:07:00","guid":{"rendered":"https:\/\/vis-de-iarna.ro\/?post_type=product&#038;p=136"},"modified":"2021-12-09T20:15:56","modified_gmt":"2021-12-09T20:15:56","slug":"elisabeth","status":"publish","type":"product","link":"https:\/\/vis-de-iarna.ro\/index.php\/produs\/elisabeth\/","title":{"rendered":"ELISABETH<br\/> set decora\u021biuni"},"content":{"rendered":"<p><span lang=\"ro-RO\">Set de 3 ornamente suspendabile de Cr\u0103ciun.<\/span><\/p>\n<p><span lang=\"ro-RO\">Culoare Ro\u0219u\/Auriu, material textil \u00eenalt\u0103 calitate: catifea, cristale din sticl\u0103, frunze metalice filigran aurii, ciucure din m\u0103rgele metalice aurii, dimensiuni 10x10x15 cm. <\/span><\/p>\n","protected":false},"excerpt":{"rendered":"<p><span lang=\"ro-RO\">Set de 3 ornamente suspendabile de Cr\u0103ciun.<\/span><\/p>\n<p><span lang=\"ro-RO\">Culoare Ro\u0219u\/Auriu, material textil \u00eenalt\u0103 calitate: catifea, cristale din sticl\u0103, frunze metalice filigran aurii, ciucure din m\u0103rgele metalice aurii, dimensiuni 10x10x15 cm. <\/span><\/p>\n","protected":false},"featured_media":92,"comment_status":"open","ping_status":"closed","template":"","meta":[],"product_cat":[22],"product_tag":[],"class_list":["post-136","product","type-product","status-publish","has-post-thumbnail","hentry","product_cat-royal-collection-2021"],"_links":{"self":[{"href":"https:\/\/vis-de-iarna.ro\/index.php\/wp-json\/wp\/v2\/product\/136","targetHints":{"allow":["GET"]}}],"collection":[{"href":"https:\/\/vis-de-iarna.ro\/index.php\/wp-json\/wp\/v2\/product"}],"about":[{"href":"https:\/\/vis-de-iarna.ro\/index.php\/wp-json\/wp\/v2\/types\/product"}],"replies":[{"embeddable":true,"href":"https:\/\/vis-de-iarna.ro\/index.php\/wp-json\/wp\/v2\/comments?post=136"}],"wp:featuredmedia":[{"embeddable":true,"href":"https:\/\/vis-de-iarna.ro\/index.php\/wp-json\/wp\/v2\/media\/92"}],"wp:attachment":[{"href":"https:\/\/vis-de-iarna.ro\/index.php\/wp-json\/wp\/v2\/media?parent=136"}],"wp:term":[{"taxonomy":"product_cat","embeddable":true,"href":"https:\/\/vis-de-iarna.ro\/index.php\/wp-json\/wp\/v2\/product_cat?post=136"},{"taxonomy":"product_tag","embeddable":true,"href":"https:\/\/vis-de-iarna.ro\/index.php\/wp-json\/wp\/v2\/product_tag?post=136"}],"curies":[{"name":"wp","href":"https:\/\/api.w.org\/{rel}","templated":true}]}}