{"id":138,"date":"2021-12-06T20:09:46","date_gmt":"2021-12-06T20:09:46","guid":{"rendered":"https:\/\/vis-de-iarna.ro\/?post_type=product&#038;p=138"},"modified":"2021-12-20T23:36:59","modified_gmt":"2021-12-20T23:36:59","slug":"albert","status":"publish","type":"product","link":"https:\/\/vis-de-iarna.ro\/index.php\/produs\/albert\/","title":{"rendered":"ALBERT<br\/> set decora\u021biuni"},"content":{"rendered":"<p><span lang=\"ro-RO\">Set de 3 ornamente suspendabile de Cr\u0103ciun.<\/span><\/p>\n<p><span lang=\"ro-RO\">Culoare Nude\/Verde\/Argintiu, material textil \u00eenalt\u0103 calitate: catifea, cristale din sticl\u0103 \u0219i trandafiri perla\u021bi, fund\u0103 nude, ciucure m\u0103tase nude, dimensiuni 10x10x17 cm. <\/span><\/p>\n","protected":false},"excerpt":{"rendered":"<p><span lang=\"ro-RO\">Set de 3 ornamente suspendabile de Cr\u0103ciun.<\/span><\/p>\n<p><span lang=\"ro-RO\">Culoare Nude\/Verde\/Argintiu, material textil \u00eenalt\u0103 calitate: catifea, cristale din sticl\u0103 \u0219i trandafiri perla\u021bi, fund\u0103 nude, ciucure m\u0103tase nude, dimensiuni 10x10x17 cm. <\/span><\/p>\n","protected":false},"featured_media":96,"comment_status":"open","ping_status":"closed","template":"","meta":[],"product_cat":[22],"product_tag":[],"class_list":["post-138","product","type-product","status-publish","has-post-thumbnail","hentry","product_cat-royal-collection-2021"],"_links":{"self":[{"href":"https:\/\/vis-de-iarna.ro\/index.php\/wp-json\/wp\/v2\/product\/138","targetHints":{"allow":["GET"]}}],"collection":[{"href":"https:\/\/vis-de-iarna.ro\/index.php\/wp-json\/wp\/v2\/product"}],"about":[{"href":"https:\/\/vis-de-iarna.ro\/index.php\/wp-json\/wp\/v2\/types\/product"}],"replies":[{"embeddable":true,"href":"https:\/\/vis-de-iarna.ro\/index.php\/wp-json\/wp\/v2\/comments?post=138"}],"wp:featuredmedia":[{"embeddable":true,"href":"https:\/\/vis-de-iarna.ro\/index.php\/wp-json\/wp\/v2\/media\/96"}],"wp:attachment":[{"href":"https:\/\/vis-de-iarna.ro\/index.php\/wp-json\/wp\/v2\/media?parent=138"}],"wp:term":[{"taxonomy":"product_cat","embeddable":true,"href":"https:\/\/vis-de-iarna.ro\/index.php\/wp-json\/wp\/v2\/product_cat?post=138"},{"taxonomy":"product_tag","embeddable":true,"href":"https:\/\/vis-de-iarna.ro\/index.php\/wp-json\/wp\/v2\/product_tag?post=138"}],"curies":[{"name":"wp","href":"https:\/\/api.w.org\/{rel}","templated":true}]}}